-206*m - 45733. Give r(-222).
-1
Let p(q) = -q**3 + 11*q**2 - 297*q + 2555. Calculate p(9).
44
Let q(x) = -505*x + 2510. What is q(5)?
-15
Let x(t) = -977*t**2 - 4986*t - 509. Determine x(-5).
-4
Let g(j) = 3*j**2 - 6184*j + 49290. Calculate g(8).
10
Let x(y) = y**2 + 991*y - 299869. What is x(243)?
-7
Let p(x) = -2813*x - 8740. Calculate p(-3).
-301
Let l(p) = 741866*p - 4451191. What is l(6)?
5
Let h(c) = -c**3 - 35*c**2 - 101*c + 109. Calculate h(-32).
269
Let n(q) = -562*q**2 - 155115*q - 860. Determine n(-276).
-32
Let q(b) = 1159*b + 111254. Give q(-96).
-10
Let v(o) = -96852*o + 96855. Determine v(1).
3
Let v(a) = a**3 - 65*a**2 - 242*a - 13132. Determine v(71).
-68
Let u(s) = -s**3 + 467*s**2 - 30020*s - 756. Calculate u(77).
14
Let x(q) = q**3 - 254*q**2 - 2787*q - 1628. Determine x(-10).
-158
Let f(c) = 2*c**3 + 107*c**2 + 71*c + 6826. Calculate f(-54).
76
Let t(j) = -47*j + 3983. What is t(84)?
35
Let a(n) = -n**3 + 368*n**2 + 1707*n + 58827. Calculate a(373).
-107
Let w(u) = 87*u - 4395. Determine w(43).
-654
Let w(g) = 823*g + 20646. What is w(-23)?
1717
Let v(y) = 2288*y + 237966. Give v(-104).
14
Let l(p) = 8213*p - 49292. Determine l(6).
-14
Let r(d) = -10*d**3 + 6449*d**2 - 5798*d + 1280. Determine r(644).
-8
Let l(g) = 1420*g**2 - 2547*g - 8. Determine l(2).
578
Let r(k) = 1221*k - 18362. Determine r(15).
-47
Let u(x) = -2*x**3 - 5*x**2 + 670*x + 1222. Determine u(18).
-2
Let i(s) = -185*s - 8734. Calculate i(-38).
-1704
Let h(y) = -6*y**2 + 208*y + 1765. What is h(-8)?
-283
Let v(k) = k**3 + 83*k**2 - 649*k - 1709. Calculate v(-90).
1
Let r(o) = -o**3 - 3*o**2 + 307*o - 47. Give r(16).
1
Let f(p) = -20228*p - 40517. Calculate f(-2).
-61
Let t(a) = 8967*a - 13. What is t(0)?
-13
Let u(g) = -4252*g + 199668. What is u(47)?
-176
Let t(p) = -2*p**2 + 1146*p - 30524. Give t(28).
-4
Let z(o) = 634*o + 444449. Calculate z(-701).
15
Let o(u) = 98*u**2 - 184*u - 196. Calculate o(-1).
86
Let c(o) = 221*o - 2177. Calculate c(4).
-1293
Let x(j) = -620*j - 3099. Determine x(-5).
1
Let u(d) = 1026*d - 194. Determine u(2).
1858
Let g(b) = b**3 - 118*b**2 + 448*b - 12107. Calculate g(115).
-262
Let j(z) = 179*z**2 + 14119*z + 12232. Give j(-78).
-14
Let s(r) = 32*r**2 - 3390*r + 595. What is s(106)?
807
Let j(w) = w**3 - 343*w**2 - 13*w + 4450. Calculate j(343).
-9
Let a(c) = 968*c + 75328. What is a(-78)?
-176
Let i(z) = 62*z + 8699. Give i(-120).
1259
Let v(n) = -n**3 + 4*n**2 + 6*n + 181. Determine v(7).
76
Let a(r) = -296*r**3 + 3*r**2 - 98*r - 205. Give a(-2).
2371
Let s(j) = -j**3 - 85*j**2 - 271*j - 15689. Give s(-84).
19
Let n(m) = -81086*m + 1540554. Give n(19).
-80
Let k(u) = 2844*u + 8557. Give k(-3).
25
Let u(t) = -1562*t - 37377. Give u(-24).
111
Let m(n) = 445189*n + 4897077. Calculate m(-11).
-2
Let z(n) = 3*n**2 - 85*n - 1684. Give z(-23).
1858
Let n(p) = -p**3 - 61*p**2 + 233*p + 11108. Determine n(-62).
506
Let q(y) = -y**2 + 511*y + 80990. Calculate q(-127).
-36
Let i(n) = 354*n**3 - 6*n**2 + 67*n - 101. Calculate i(2).
2841
Let n(y) = -y**2 - 529759*y + 8476398. What is n(16)?
-2
Let u(l) = 24*l**3 + 418*l**2 + 69*l + 2. Determine u(-17).
1719
Let d(z) = z**2 + 143*z - 5400. Determine d(31).
-6
Let d(o) = 621*o - 14316. Determine d(17).
-3759
Let j(d) = 5*d**2 + 1218*d + 3633. Determine j(-3).
24
Let b(c) = 942*c + 19070. Determine b(-21).
-712
Let h(a) = 22*a**2 + 1595*a + 27029. What is h(-27)?
2
Let w(p) = 32689*p + 132092. Calculate w(-4).
1336
Let t(d) = 4*d**3 + 122*d**2 + 252*d - 346. Give t(-28).
438
Let b(g) = 4*g**2 - 9304*g + 5347777. Give b(1038).
1
Let z(x) = 481*x**3 + 29*x**2 - 21*x - 6. Give z(1).
483
Let c(b) = -14*b**3 + 79*b**2 - 12*b + 183. Give c(6).
-69
Let k(m) = -3659*m**3 - 13*m**2 - 72*m - 59. Calculate k(-1).
3659
Let v(s) = 21*s**2 + 20*s + 3. Determine v(-12).
2787
Let p(f) = 49*f**2 + 5597*f + 957. What is p(-114)?
-297
Let p(b) = b**2 - 3049*b - 117403. Give p(-38).
-97
Let x(c) = -c**2 - 2309*c + 54558. What is x(24)?
-1434
Let m(u) = -u**3 - 61*u**2 + 339*u + 5039. Calculate m(-65).
-96
Let t(w) = 3245*w + 51854. Determine t(-16).
-66
Let z(i) = -80*i + 17200. Determine z(226).
-880
Let v(f) = f**3 + 26*f**2 + 183*f + 101. Determine v(-9).
-169
Let d(u) = -641996*u - 7703953. Calculate d(-12).
-1
Let j(k) = 12*k**3 - 3580*k**2 - 7162*k. Give j(-2).
-92
Let d(n) = -4*n**2 + 62*n + 422. Determine d(-6).
-94
Let m(r) = r**2 - 285*r - 76729. Calculate m(454).
-3
Let o(b) = 35*b - 1010. What is o(17)?
-415
Let q(o) = 175*o - 34688. Determine q(199).
137
Let y(v) = v**3 - 73*v**2 + 870*v - 172. Calculate y(58).
-172
Let a(c) = 5*c**2 + 108*c - 349. Calculate a(-27).
380
Let p(m) = -m**3 - 185*m**2 + 354*m - 3716. Determine p(-187).
24
Let z(t) = -4479*t - 2199186. Give z(-491).
3
Let l(v) = 13*v**2 + 537*v - 556. What is l(-42)?
-178
Let v(h) = 3577*h - 368429. Determine v(103).
2
Let d(y) = -2*y**3 - 4108*y**2 + 103956*y - 154. Give d(25).
-4
Let l(b) = 8*b**2 + 2426*b + 5430. Calculate l(-301).
12
Let j(k) = -160919*k - 1287048. What is j(-8)?
304
Let u(m) = 77*m**2 + 1416*m - 2487. Determine u(-20).
-7
Let g(z) = -65*z**2 - 455*z - 75. Calculate g(-7).
-75
Let x(d) = 1951*d - 24895. What is x(13)?
468
Let w(c) = 37*c**2 + 796*c + 3490. Determine w(-6).
46
Let o(q) = -q**2 - 21*q + 10313. What is o(-110)?
523
Let g(n) = -1741*n + 92803. Calculate g(53).
530
Let j(l) = -2361*l + 23650. Give j(10).
40
Let f(c) = c**3 + 40*c**2 - 759*c - 32175. Determine f(-37).
15
Let z(n) = n**3 + 6*n**2 + 166*n + 2991. Determine z(-12).
135
Let s(y) = 31*y**3 - 6*y**2 - 3*y - 61. Determine s(-4).
-2129
Let c(p) = 2*p**3 + 43*p**2 - 30*p - 1081. Determine c(-21).
-10
Let g(c) = 166*c - 8712. What is g(52)?
-80
Let t(m) = m**3 - 135*m**2 + 137*m + 120. What is t(134)?
522
Let i(w) = w**3 + 15*w**2 - 100*w - 1115. Give i(-17).
7
Let n(v) = -v**2 + 2363*v + 16580. Calculate n(-7).
-10
Let u(q) = -1760*q**2 - 10516*q + 270. Give u(-6).
6
Let x(p) = p**3 + 72*p**2 + 632*p + 618. What is x(-62)?
-126
Let p(u) = 21*u**3 - 470*u**2 + 206*u - 659. Determine p(22).
1
Let s(c) = 917*c**2 + 1747*c - 176. Calculate s(-2).
-2
Let h(g) = 1951*g - 349245. What is h(179)?
-16
Let j(i) = -27*i**3 + 595*i**2 + 215*i - 5207. Give j(22).
7
Let m(b) = -472*b**2 + 27*b - 12. Calculate m(1).
-457
Let f(a) = 3*a**3 + 145*a**2 - 95*a - 66. Determine f(-49).
-213
Let x(j) = -j**3 + 153*j**2 - 457*j + 1189. Calculate x(150).
139
Let x(y) = -38698*y - 1199595. Give x(-31).
43
Let r(k) = -22317*k + 1026583. What is r(46)?
1
Let w(f) = 6868*f + 116779. Calculate w(-17).
23
Let z(g) = -g**2 + 24015*g + 938104. Determine z(-39).
-2
Let o(m) = 263*m**2 + 2529*m - 88. Calculate o(-10).
922
Let s(y) = -y**2 + 23*y + 1357. Determine s(-24).
229
Let b(n) = 2*n**2 - 9992*n + 179560. What is b(18)?
352
Let v(k) = -4*k**3 + 166*k**2 - 669*k + 117. Determine v(37).
6
Let p(f) = -47*f**2 + 2873*f - 369. What is p(61)?
-3
Let i(q) = 37*q**2 + 8*q + 22. Determine i(-2).
154
Let f(z) = -1417*z**2 - 521*z - 519. What is f(-1)?
-1415
Let q(w) = 585*w + 30265. Calculate q(-52).
-155
Let w(i) = -3*i**3 + 25*i**2 + 328*i + 53. Calculate w(-7).
11
Let v(h) = 731*h + 3127. What is v(-5)?
-528
Let o(s) = 4102*s - 12073. Give o(3).
233
Let x(f) = -f**2 - 1243*f - 41107. Determine x(-1209).
-1
Let f(v) = 7592*v**2 - 15266*v + 9. Determine f(2).
-155
Let v(x) = 32*x**2 + 41*x - 120. Determine v(0).
-120
Let j(v) = 2*v**2 - 762*v + 6040. Calculate j(8).
72
Let i(m) = 16*m**3 - 851*m**2 - 3475*m - 106. Give i(57).
8
Let i(u) = 29*u**2 + 429*u - 85. Determine i(-18).
1589
Let k(o) = -524*o + 1701. Calculate k(4).
-395
Let g(s) = -4*s**3 + 492*s**2 - 549*s + 7757. What is g(122)?
315
Let q(p) = -12*p**3 - 421*p**2 + 2001*p + 71263. Give q(-35).
3
Let x(s) = 539*s**3 - 5*s**2 - 18*s + 38. What is x(2)?
4294
Let a(g) = -987*g - 5836. Determine a(-5).
-901
Let z(o) = -73751*o - 368753. What is z(-5)?
2
Let s(b) = -111*b + 7872. What is s(71)?
-9
Let l(i) = i**2 + 53055*i + 159180. Calculate l(-3).
24
Let i(m) = 83*m**2 + 17170*m - 2287. What is i(-207)?
-10
Let y(x) = -10*x**2 - 318*x - 1541. Calculate y(-5).
-201
Let k(q) = 382*q**2 + 17954*q + 65. Calculate k(-47).
65
Let l(s) = 23505*s - 94019. Give l(4).
1
Let m(p) = -25*p**2 + 69*p - 110. What is m(3)?
-128
Let n